{"id":273,"date":"2016-04-06T21:18:51","date_gmt":"2016-04-06T21:18:51","guid":{"rendered":"http:\/\/foodieandtraveler.net\/?page_id=273"},"modified":"2023-11-19T09:45:19","modified_gmt":"2023-11-19T13:45:19","slug":"quienes-somos","status":"publish","type":"page","link":"https:\/\/www.foodieandtraveler.com\/index.php\/quienes-somos\/","title":{"rendered":"Quienes Somos?"},"content":{"rendered":"\t\t<div data-elementor-type=\"wp-page\" data-elementor-id=\"273\" class=\"elementor elementor-273\" data-elementor-post-type=\"page\">\n\t\t\t\t<div class=\"elementor-element elementor-element-bfc2476 e-flex e-con-boxed e-con e-parent\" data-id=\"bfc2476\" data-element_type=\"container\" data-e-type=\"container\">\n\t\t\t\t\t<div class=\"e-con-inner\">\n\t\t\t\t\t<\/div>\n\t\t\t\t<\/div>\n\t\t<div class=\"elementor-element elementor-element-bf0864f e-con-full e-flex e-con e-parent\" data-id=\"bf0864f\" data-element_type=\"container\" data-e-type=\"container\">\n\t\t<div class=\"elementor-element elementor-element-4e4faf1 e-con-full e-flex e-con e-child\" data-id=\"4e4faf1\" data-element_type=\"container\" data-e-type=\"container\">\n\t\t\t\t<div class=\"elementor-element elementor-element-dd51a46 elementor-widget elementor-widget-image\" data-id=\"dd51a46\" data-element_type=\"widget\" data-e-type=\"widget\" data-widget_type=\"image.default\">\n\t\t\t\t<div class=\"elementor-widget-container\">\n\t\t\t\t\t\t\t\t\t\t\t\t\t\t\t<img decoding=\"async\" src=\"http:\/\/foodieandtraveler.com\/wp-content\/uploads\/2016\/04\/Juan-de-Dios-Valentin.jpg\" title=\"\" alt=\"\" loading=\"lazy\" \/>\t\t\t\t\t\t\t\t\t\t\t\t\t\t\t<\/div>\n\t\t\t\t<\/div>\n\t\t\t\t<\/div>\n\t\t<div class=\"elementor-element elementor-element-947922c e-con-full e-flex e-con e-child\" data-id=\"947922c\" data-element_type=\"container\" data-e-type=\"container\">\n\t\t\t\t<div class=\"elementor-element elementor-element-72fae52 elementor-widget elementor-widget-heading\" data-id=\"72fae52\" data-element_type=\"widget\" data-e-type=\"widget\" data-widget_type=\"heading.default\">\n\t\t\t\t<div class=\"elementor-widget-container\">\n\t\t\t\t\t<h2 class=\"elementor-heading-title elementor-size-default\">Juan de Dios Valentin <\/h2>\t\t\t\t<\/div>\n\t\t\t\t<\/div>\n\t\t\t\t<div class=\"elementor-element elementor-element-065d26a elementor-widget__width-initial elementor-widget elementor-widget-text-editor\" data-id=\"065d26a\" data-element_type=\"widget\" data-e-type=\"widget\" data-widget_type=\"text-editor.default\">\n\t\t\t\t<div class=\"elementor-widget-container\">\n\t\t\t\t\t\t\t\t\t<h2 style=\"text-align: justify;\">Cineasta, Productor de Televisi\u00f3n, apasionado de las relaciones p\u00fablicas, las experiencias gastron\u00f3micas, los viajes y la fotograf\u00eda. Foodie,\u00a0coffeelover,\u00a0amante de la playa y la naturaleza. Durante m\u00e1s de 10 a\u00f1os ha laborado en medios especializados de gastronom\u00eda y turismo.<\/h2>\t\t\t\t\t\t\t\t<\/div>\n\t\t\t\t<\/div>\n\t\t\t\t<\/div>\n\t\t\t\t<\/div>\n\t\t<div class=\"elementor-element elementor-element-be86098 e-con-full e-flex e-con e-parent\" data-id=\"be86098\" data-element_type=\"container\" data-e-type=\"container\">\n\t\t<div class=\"elementor-element elementor-element-573c803 e-con-full e-flex e-con e-child\" data-id=\"573c803\" data-element_type=\"container\" data-e-type=\"container\">\n\t\t\t\t<div class=\"elementor-element elementor-element-ce38fa4 elementor-widget elementor-widget-image\" data-id=\"ce38fa4\" data-element_type=\"widget\" data-e-type=\"widget\" data-widget_type=\"image.default\">\n\t\t\t\t<div class=\"elementor-widget-container\">\n\t\t\t\t\t\t\t\t\t\t\t\t\t\t\t<img decoding=\"async\" src=\"http:\/\/foodieandtraveler.com\/wp-content\/uploads\/2016\/04\/Darleny-Lopez.jpg\" title=\"\" alt=\"\" loading=\"lazy\" \/>\t\t\t\t\t\t\t\t\t\t\t\t\t\t\t<\/div>\n\t\t\t\t<\/div>\n\t\t\t\t<\/div>\n\t\t<div class=\"elementor-element elementor-element-a840226 e-con-full e-flex e-con e-child\" data-id=\"a840226\" data-element_type=\"container\" data-e-type=\"container\">\n\t\t\t\t<div class=\"elementor-element elementor-element-6ac5f21 elementor-widget elementor-widget-heading\" data-id=\"6ac5f21\" data-element_type=\"widget\" data-e-type=\"widget\" data-widget_type=\"heading.default\">\n\t\t\t\t<div class=\"elementor-widget-container\">\n\t\t\t\t\t<h2 class=\"elementor-heading-title elementor-size-default\">Darleny L\u00f3pez<\/h2>\t\t\t\t<\/div>\n\t\t\t\t<\/div>\n\t\t\t\t<div class=\"elementor-element elementor-element-c166ca0 elementor-widget__width-initial elementor-widget elementor-widget-text-editor\" data-id=\"c166ca0\" data-element_type=\"widget\" data-e-type=\"widget\" data-widget_type=\"text-editor.default\">\n\t\t\t\t<div class=\"elementor-widget-container\">\n\t\t\t\t\t\t\t\t\t<h2 style=\"text-align: justify;\">Administradora Hotelera, viajera del mundo por vocaci\u00f3n. Tengo 29 a\u00f1os y mis pasiones simples son: viajar, comer y fotografiar todo en el camino.<br \/><br \/>\u00abSiempre he dicho que el dinero mejor gastado es el que se invierte en viajes donde aprendes otras culturas, intercambio de idiomas y el trato de su gente\u00bb.<\/h2><h2 style=\"text-align: justify;\">Te invito a descubrir junto a mi, las ciudades m\u00e1s hermosas del mundo.<\/h2>\t\t\t\t\t\t\t\t<\/div>\n\t\t\t\t<\/div>\n\t\t\t\t<\/div>\n\t\t\t\t<\/div>\n\t\t<div class=\"elementor-element elementor-element-2d05516 e-con-full e-flex e-con e-parent\" data-id=\"2d05516\" data-element_type=\"container\" data-e-type=\"container\">\n\t\t<div class=\"elementor-element elementor-element-a601ade e-con-full e-flex e-con e-child\" data-id=\"a601ade\" data-element_type=\"container\" data-e-type=\"container\">\n\t\t\t\t<div class=\"elementor-element elementor-element-39c1b76 elementor-widget elementor-widget-image\" data-id=\"39c1b76\" data-element_type=\"widget\" data-e-type=\"widget\" data-widget_type=\"image.default\">\n\t\t\t\t<div class=\"elementor-widget-container\">\n\t\t\t\t\t\t\t\t\t\t\t\t\t\t\t<img fetchpriority=\"high\" decoding=\"async\" width=\"640\" height=\"640\" src=\"https:\/\/www.foodieandtraveler.com\/wp-content\/uploads\/2023\/11\/WOMAN.jpg\" class=\"attachment-large size-large wp-image-9849\" alt=\"\" srcset=\"https:\/\/www.foodieandtraveler.com\/wp-content\/uploads\/2023\/11\/WOMAN.jpg 946w, https:\/\/www.foodieandtraveler.com\/wp-content\/uploads\/2023\/11\/WOMAN-300x300.jpg 300w, https:\/\/www.foodieandtraveler.com\/wp-content\/uploads\/2023\/11\/WOMAN-150x150.jpg 150w, https:\/\/www.foodieandtraveler.com\/wp-content\/uploads\/2023\/11\/WOMAN-768x768.jpg 768w, https:\/\/www.foodieandtraveler.com\/wp-content\/uploads\/2023\/11\/WOMAN-96x96.jpg 96w\" sizes=\"(max-width: 640px) 100vw, 640px\" \/>\t\t\t\t\t\t\t\t\t\t\t\t\t\t\t<\/div>\n\t\t\t\t<\/div>\n\t\t\t\t<\/div>\n\t\t<div class=\"elementor-element elementor-element-d9831c8 e-con-full e-flex e-con e-child\" data-id=\"d9831c8\" data-element_type=\"container\" data-e-type=\"container\">\n\t\t\t\t<div class=\"elementor-element elementor-element-c19e004 elementor-widget elementor-widget-heading\" data-id=\"c19e004\" data-element_type=\"widget\" data-e-type=\"widget\" data-widget_type=\"heading.default\">\n\t\t\t\t<div class=\"elementor-widget-container\">\n\t\t\t\t\t<h2 class=\"elementor-heading-title elementor-size-default\">Anny Pe\u00f1a<\/h2>\t\t\t\t<\/div>\n\t\t\t\t<\/div>\n\t\t\t\t<div class=\"elementor-element elementor-element-70f4bed elementor-widget__width-initial elementor-widget elementor-widget-text-editor\" data-id=\"70f4bed\" data-element_type=\"widget\" data-e-type=\"widget\" data-widget_type=\"text-editor.default\">\n\t\t\t\t<div class=\"elementor-widget-container\">\n\t\t\t\t\t\t\t\t\t<h2 style=\"text-align: justify;\">Dise\u00f1adora Industrial, locutora, amante de los atardeceres, el buen vino y un rico caf\u00e9. Amante de los animales, la naturaleza, compartir con buenos amigos y disfrutar a plenitud cada instante de la vida.<\/h2>\t\t\t\t\t\t\t\t<\/div>\n\t\t\t\t<\/div>\n\t\t\t\t<\/div>\n\t\t\t\t<\/div>\n\t\t\t\t<\/div>\n\t\t","protected":false},"excerpt":{"rendered":"<p>QUIENES SOMOS Juan de Dios Valentin Cineasta, Productor de Televisi\u00f3n, apasionado de las relaciones p\u00fablicas, las experiencias gastron\u00f3micas, los viajes y la fotograf\u00eda. Foodie,\u00a0coffeelover,\u00a0amante de la playa y la naturaleza. Durante m\u00e1s de 10 a\u00f1os ha laborado en medios especializados de gastronom\u00eda y turismo. Darleny L\u00f3pez Administradora Hotelera, viajera del mundo por vocaci\u00f3n. Tengo 29 [&hellip;]<\/p>\n","protected":false},"author":9,"featured_media":0,"parent":0,"menu_order":0,"comment_status":"closed","ping_status":"closed","template":"","meta":{"footnotes":""},"class_list":["post-273","page","type-page","status-publish","hentry"],"_links":{"self":[{"href":"https:\/\/www.foodieandtraveler.com\/index.php\/wp-json\/wp\/v2\/pages\/273","targetHints":{"allow":["GET"]}}],"collection":[{"href":"https:\/\/www.foodieandtraveler.com\/index.php\/wp-json\/wp\/v2\/pages"}],"about":[{"href":"https:\/\/www.foodieandtraveler.com\/index.php\/wp-json\/wp\/v2\/types\/page"}],"author":[{"embeddable":true,"href":"https:\/\/www.foodieandtraveler.com\/index.php\/wp-json\/wp\/v2\/users\/9"}],"replies":[{"embeddable":true,"href":"https:\/\/www.foodieandtraveler.com\/index.php\/wp-json\/wp\/v2\/comments?post=273"}],"version-history":[{"count":0,"href":"https:\/\/www.foodieandtraveler.com\/index.php\/wp-json\/wp\/v2\/pages\/273\/revisions"}],"wp:attachment":[{"href":"https:\/\/www.foodieandtraveler.com\/index.php\/wp-json\/wp\/v2\/media?parent=273"}],"curies":[{"name":"wp","href":"https:\/\/api.w.org\/{rel}","templated":true}]}}