{"id":266,"date":"2016-04-06T21:12:18","date_gmt":"2016-04-06T21:12:18","guid":{"rendered":"http:\/\/foodieandtraveler.net\/?page_id=266"},"modified":"2016-04-14T21:49:09","modified_gmt":"2016-04-14T21:49:09","slug":"politicas-de-privacidad","status":"publish","type":"page","link":"https:\/\/www.foodieandtraveler.com\/index.php\/politicas-de-privacidad\/","title":{"rendered":"Pol\u00edticas de Privacidad"},"content":{"rendered":"<p>Queda totalmente prohibido el uso del contenido escrito o fotogr\u00e1fico de este portal sin autorizaci\u00f3n previa de su administrador.<\/p>\n<p>Esta pol\u00edtica de privacidad revela las pr\u00e1cticas de privacidad para (<a href=\"http:\/\/foodieandtraveler.com\/\">http:\/\/foodieandtraveler.com\/<\/a>). Esta pol\u00edtica de privacidad se aplica \u00fanicamente a la informaci\u00f3n recogida por este sitio web. Se le notificar\u00e1 de lo siguiente:<\/p>\n<p>\u00bfQu\u00e9 informaci\u00f3n de identificaci\u00f3n personal que se recopila a trav\u00e9s del sitio web, c\u00f3mo se utiliza y con qui\u00e9n puede ser compartida.<\/p>\n<p>\u00bfQu\u00e9 opciones est\u00e1n disponibles para usted con respecto al uso de sus datos.<\/p>\n<p>Los procedimientos de seguridad en el lugar para proteger el mal uso de su informaci\u00f3n.<\/p>\n<p>C\u00f3mo puede corregir cualquier inexactitud en la informaci\u00f3n.<\/p>\n<p>Sobre la recopilaci\u00f3n, uso, y recursos compartidos<\/p>\n<p>Somos los \u00fanicos due\u00f1os de la informaci\u00f3n recogida en este sitio. S\u00f3lo tenemos acceso a \/ recopilamos informaci\u00f3n que usted nos proporcione voluntariamente a trav\u00e9s de correo electr\u00f3nico u otro contacto directo de usted. No venderemos ni alquilaremos esta informaci\u00f3n a nadie.<\/p>\n<p>Nosotros usaremos su informaci\u00f3n para responder a usted, respecto a la raz\u00f3n de que nos contacte. No compartiremos su informaci\u00f3n con terceros fuera de nuestra organizaci\u00f3n, salvo en lo necesario para cumplir con su solicitud, por ejemplo, para enviar un pedido.<\/p>\n<p>A menos que usted nos pida que no, podemos comunicarnos con usted por correo electr\u00f3nico en el futuro para informarle sobre ofertas, nuevos productos o servicios, o cambios en esta pol\u00edtica de privacidad.<\/p>\n<p>Su acceso y control sobre la informaci\u00f3n<\/p>\n<p>Usted puede optar por salir de cualquier contacto futuro con nosotros en cualquier momento. Usted puede hacer lo siguiente en cualquier momento poni\u00e9ndose en contacto con nosotros a trav\u00e9s de la direcci\u00f3n de correo electr\u00f3nico o n\u00famero de tel\u00e9fono que aparecen en nuestra p\u00e1gina web:<\/p>\n<ul>\n<li>Vea lo que los datos que tenemos sobre usted, si los hubiere.<\/li>\n<li>Cambiar \/ corregir cualquier dato que tengamos sobre usted.<\/li>\n<li>tenemos nosotros borramos los datos que tenemos sobre usted.<\/li>\n<li>Expresar cualquier preocupaci\u00f3n que tenga sobre nuestro uso de sus datos.<\/li>\n<\/ul>\n<p>Seguridad<\/p>\n<p>Tomamos precauciones para proteger su informaci\u00f3n. Cuando usted env\u00eda informaci\u00f3n sensible a trav\u00e9s del sitio web, su informaci\u00f3n est\u00e1 protegida tanto en l\u00ednea como fuera de l\u00ednea.<\/p>\n<p>Dondequiera que recopilamos informaci\u00f3n confidencial (como datos de tarjetas de cr\u00e9dito), esa informaci\u00f3n es encriptada y transmitida a nosotros de una manera segura. Usted puede verificar esto buscando un icono de candado cerrado en la parte inferior de su navegador web, o buscando &#8220;https&#8221; al principio de la direcci\u00f3n de la p\u00e1gina web.<\/p>\n<p>Mientras que utilizamos el cifrado para proteger la informaci\u00f3n confidencial transmitida en l\u00ednea, tambi\u00e9n protegemos su informaci\u00f3n fuera de l\u00ednea. S\u00f3lo los empleados que necesitan la informaci\u00f3n para realizar un trabajo espec\u00edfico (por ejemplo, facturaci\u00f3n o servicio al cliente) tienen acceso a la informaci\u00f3n de identificaci\u00f3n personal. Los ordenadores \/ servidores en los que almacenamos informaci\u00f3n de identificaci\u00f3n personal se mantienen en un entorno seguro.<\/p>\n<p>Actualizaciones<\/p>\n<p>Nuestra Pol\u00edtica de Privacidad puede cambiar de vez en cuando y todas las actualizaciones ser\u00e1 publicado en esta p\u00e1gina.<\/p>\n<p>Si usted siente que no estamos cumpliendo con esta pol\u00edtica de privacidad, usted debe ponerse en contacto con nosotros inmediatamente por tel\u00e9fono al\u00a0<a href=\"tel:809-853-3366\">809-853-3366<\/a>\u00a0o v\u00eda correo electr\u00f3nico.<\/p>\n<p>Si su sitio tiene una p\u00e1gina de registro que los clientes deben completar para hacer negocios con usted, inserte un p\u00e1rrafo como este en su pol\u00edtica de privacidad:<\/p>\n<p>Registro<\/p>\n<p>Para utilizar este sitio web, el usuario debe primero completar el formulario de inscripci\u00f3n. Durante el registro el usuario es requerido para dar cierta informaci\u00f3n (como el nombre y direcci\u00f3n de correo electr\u00f3nico). Esta informaci\u00f3n se utiliza para contactar con usted acerca de los productos \/ servicios en nuestro sitio en el que ha expresado su inter\u00e9s. A su opci\u00f3n, tambi\u00e9n puede proporcionar informaci\u00f3n demogr\u00e1fica (como sexo o edad) acerca de ti, pero no es necesario.<\/p>\n<p>Si usted toma y llenar las \u00f3rdenes en su sitio, inserte un p\u00e1rrafo como este en su pol\u00edtica de privacidad:<\/p>\n<p>\u00d3rdenes<\/p>\n<p>Solicitamos informaci\u00f3n de usted en nuestro formulario de pedido. Para comprar con nosotros, debe proporcionar informaci\u00f3n de contacto (como nombre y direcci\u00f3n de env\u00edo) e informaci\u00f3n financiera (como n\u00famero de tarjeta de cr\u00e9dito, fecha de vencimiento). Esta informaci\u00f3n se utiliza para fines de facturaci\u00f3n y para llenar sus \u00f3rdenes. Si tenemos problemas para procesar un pedido, vamos a utilizar esta informaci\u00f3n para ponerse en contacto con usted.<\/p>\n<p>Si utiliza cookies u otros dispositivos que rastrean los visitantes del sitio, inserte un p\u00e1rrafo como este en su pol\u00edtica de privacidad:<\/p>\n<p>Galletas<\/p>\n<p>Usamos cookies en este sitio. Una cookie es un pedazo de datos almacenados en el disco duro de un visitante del sitio para ayudarnos a mejorar su acceso a nuestro sitio e identificar visitantes de la repetici\u00f3n a nuestro sitio. Por ejemplo, cuando utilizamos una cookie para identificarlo, usted no tiene que entrar una contrase\u00f1a m\u00e1s de una vez, ahorrando as\u00ed tiempo, mientras que en nuestro sitio. Las cookies tambi\u00e9n nos permiten rastrear y conocer los intereses de nuestros usuarios para mejorar la experiencia en nuestro sitio. El uso de una cookie no est\u00e1 vinculado a ninguna informaci\u00f3n de identificaci\u00f3n personal en nuestro sitio.<\/p>\n<p>Si otras organizaciones utilizan cookies u otros dispositivos que rastrean los visitantes del sitio a su sitio, inserte un p\u00e1rrafo como este en su pol\u00edtica de privacidad:<\/p>\n<p>Algunos de nuestros socios de negocios pueden utilizar cookies en nuestro sitio (por ejemplo, los anunciantes). Sin embargo, no tenemos acceso ni control sobre esas cookies.<\/p>\n<p>Si usted comparte la informaci\u00f3n recogida en su sitio con otros partidos, insertar uno o m\u00e1s de estos p\u00e1rrafos en su pol\u00edtica de privacidad:<\/p>\n<p>Compartiendo<\/p>\n<p>Compartimos informaci\u00f3n demogr\u00e1fica con nuestros socios y anunciantes. Esto no est\u00e1 vinculado a ninguna informaci\u00f3n personal que pueda identificar a cualquier persona individual.<\/p>\n<p>Y \/ o:<\/p>\n<p>Utilizamos una compa\u00f1\u00eda externa para enviar los pedidos, y una compa\u00f1\u00eda de procesamiento de tarjetas de cr\u00e9dito para facturar a los usuarios de bienes y servicios. Estas compa\u00f1\u00edas no retienen, comparten, almacenan o utilizan informaci\u00f3n de identificaci\u00f3n personal para otros fines m\u00e1s all\u00e1 de llenar su pedido.<\/p>\n<p>Y \/ o:<\/p>\n<p>Nos asociamos con otra parte para proporcionar servicios espec\u00edficos. Cuando el usuario se registra para estos servicios, compartiremos nombres u otra informaci\u00f3n de contacto que es necesaria para que el tercero para proporcionar estos servicios. Estos partidos no est\u00e1n autorizados a utilizar la informaci\u00f3n de identificaci\u00f3n personal a excepci\u00f3n de los fines de la prestaci\u00f3n de estos servicios.<\/p>\n<p>Si su sitio tiene enlaces a otros sitios, es posible insertar un p\u00e1rrafo como este en su pol\u00edtica de privacidad:<\/p>\n<p>Enlaces<\/p>\n<p>Este sitio web contiene enlaces a otros sitios. Tenga en cuenta que no somos responsables de las pr\u00e1cticas de privacidad o el contenido de dichos sitios. Animamos a nuestros usuarios que est\u00e9n enterados cuando salen de nuestro sitio y leer las declaraciones de privacidad de cualquier otro sitio que recopila informaci\u00f3n de identificaci\u00f3n personal.<\/p>\n<p>Si alguna vez recoger datos a trav\u00e9s de encuestas o concursos en su sitio, es posible insertar un p\u00e1rrafo como este en su pol\u00edtica de privacidad:<\/p>\n<p>Encuestas y Concursos<\/p>\n<p>De vez en cuando nuestro sitio solicita la informaci\u00f3n a trav\u00e9s de encuestas o concursos. La participaci\u00f3n en estas encuestas o concursos es completamente voluntaria y usted puede elegir si desea o no participar, por lo que divulgar esta informaci\u00f3n. La informaci\u00f3n solicitada puede incluir informaci\u00f3n de contacto (como nombre y direcci\u00f3n de env\u00edo) e informaci\u00f3n demogr\u00e1fica (como el c\u00f3digo postal, edad). La informaci\u00f3n de contacto ser\u00e1 utilizada para notificar a los ganadores y adjudicar premios. Informaci\u00f3n de las encuestas se utilizar\u00e1 para fines de monitoreo o mejorar el uso y satisfacci\u00f3n de este sitio.<\/p>\n<p>[\/vc_column_text][\/vc_column][\/vc_row]<\/p>\n","protected":false},"excerpt":{"rendered":"<p>Queda totalmente prohibido el uso del contenido escrito o fotogr\u00e1fico de este portal sin autorizaci\u00f3n previa de su administrador. Esta pol\u00edtica de privacidad revela las pr\u00e1cticas de privacidad para (http:\/\/foodieandtraveler.com\/). Esta pol\u00edtica de privacidad se aplica \u00fanicamente a la informaci\u00f3n recogida por este sitio web. Se le notificar\u00e1 de lo siguiente: \u00bfQu\u00e9 informaci\u00f3n de identificaci\u00f3n [&hellip;]<\/p>\n","protected":false},"author":1,"featured_media":0,"parent":0,"menu_order":0,"comment_status":"closed","ping_status":"closed","template":"","meta":{"footnotes":""},"class_list":["post-266","page","type-page","status-publish","hentry"],"_links":{"self":[{"href":"https:\/\/www.foodieandtraveler.com\/index.php\/wp-json\/wp\/v2\/pages\/266","targetHints":{"allow":["GET"]}}],"collection":[{"href":"https:\/\/www.foodieandtraveler.com\/index.php\/wp-json\/wp\/v2\/pages"}],"about":[{"href":"https:\/\/www.foodieandtraveler.com\/index.php\/wp-json\/wp\/v2\/types\/page"}],"author":[{"embeddable":true,"href":"https:\/\/www.foodieandtraveler.com\/index.php\/wp-json\/wp\/v2\/users\/1"}],"replies":[{"embeddable":true,"href":"https:\/\/www.foodieandtraveler.com\/index.php\/wp-json\/wp\/v2\/comments?post=266"}],"version-history":[{"count":0,"href":"https:\/\/www.foodieandtraveler.com\/index.php\/wp-json\/wp\/v2\/pages\/266\/revisions"}],"wp:attachment":[{"href":"https:\/\/www.foodieandtraveler.com\/index.php\/wp-json\/wp\/v2\/media?parent=266"}],"curies":[{"name":"wp","href":"https:\/\/api.w.org\/{rel}","templated":true}]}}