{"id":2795,"date":"2017-07-30T09:25:56","date_gmt":"2017-07-30T13:25:56","guid":{"rendered":"http:\/\/foodieandtraveler.com\/wp-content\/uploads\/2017\/07\/El-establecimiento-estren\u00f3-men\u00fa-de-picaderas-y-caf\u00e9.jpg"},"modified":"2017-07-30T09:25:56","modified_gmt":"2017-07-30T13:25:56","slug":"el-establecimiento-estreno-menu-de-picaderas-y-cafe","status":"inherit","type":"attachment","link":"https:\/\/www.foodieandtraveler.com\/index.php\/caramella-bakery-estrena-nuevo-local-y-amplia-su-propuesta-gastronomica\/el-establecimiento-estreno-menu-de-picaderas-y-cafe\/","title":{"rendered":"El establecimiento estren\u00f3 men\u00fa de picaderas y caf\u00e9"},"author":9,"featured_media":0,"comment_status":"open","ping_status":"closed","template":"","meta":[],"class_list":["post-2795","attachment","type-attachment","status-inherit","hentry"],"description":{"rendered":"<p class=\"attachment\"><a href='https:\/\/www.foodieandtraveler.com\/wp-content\/uploads\/2017\/07\/El-establecimiento-estren\u00f3-men\u00fa-de-picaderas-y-caf\u00e9.jpg'><img fetchpriority=\"high\" decoding=\"async\" width=\"300\" height=\"200\" src=\"https:\/\/www.foodieandtraveler.com\/wp-content\/uploads\/2017\/07\/El-establecimiento-estren\u00f3-men\u00fa-de-picaderas-y-caf\u00e9-300x200.jpg\" class=\"attachment-medium size-medium\" alt=\"\" srcset=\"https:\/\/www.foodieandtraveler.com\/wp-content\/uploads\/2017\/07\/El-establecimiento-estren\u00f3-men\u00fa-de-picaderas-y-caf\u00e9-300x200.jpg 300w, https:\/\/www.foodieandtraveler.com\/wp-content\/uploads\/2017\/07\/El-establecimiento-estren\u00f3-men\u00fa-de-picaderas-y-caf\u00e9-768x513.jpg 768w, https:\/\/www.foodieandtraveler.com\/wp-content\/uploads\/2017\/07\/El-establecimiento-estren\u00f3-men\u00fa-de-picaderas-y-caf\u00e9-1024x684.jpg 1024w, https:\/\/www.foodieandtraveler.com\/wp-content\/uploads\/2017\/07\/El-establecimiento-estren\u00f3-men\u00fa-de-picaderas-y-caf\u00e9-696x465.jpg 696w, https:\/\/www.foodieandtraveler.com\/wp-content\/uploads\/2017\/07\/El-establecimiento-estren\u00f3-men\u00fa-de-picaderas-y-caf\u00e9-1068x713.jpg 1068w, https:\/\/www.foodieandtraveler.com\/wp-content\/uploads\/2017\/07\/El-establecimiento-estren\u00f3-men\u00fa-de-picaderas-y-caf\u00e9-629x420.jpg 629w, https:\/\/www.foodieandtraveler.com\/wp-content\/uploads\/2017\/07\/El-establecimiento-estren\u00f3-men\u00fa-de-picaderas-y-caf\u00e9.jpg 2000w\" sizes=\"(max-width: 300px) 100vw, 300px\" \/><\/a><\/p>\n"},"caption":{"rendered":""},"alt_text":"","media_type":"image","mime_type":"image\/jpeg","media_details":{"width":2000,"height":1335,"file":"2017\/07\/El-establecimiento-estren\u00f3-men\u00fa-de-picaderas-y-caf\u00e9.jpg","sizes":{"thumbnail":{"file":"El-establecimiento-estren\u00f3-men\u00fa-de-picaderas-y-caf\u00e9-150x150.jpg","width":150,"height":150,"mime_type":"image\/jpeg","source_url":"https:\/\/www.foodieandtraveler.com\/wp-content\/uploads\/2017\/07\/El-establecimiento-estren\u00f3-men\u00fa-de-picaderas-y-caf\u00e9-150x150.jpg"},"medium":{"file":"El-establecimiento-estren\u00f3-men\u00fa-de-picaderas-y-caf\u00e9-300x200.jpg","width":300,"height":200,"mime_type":"image\/jpeg","source_url":"https:\/\/www.foodieandtraveler.com\/wp-content\/uploads\/2017\/07\/El-establecimiento-estren\u00f3-men\u00fa-de-picaderas-y-caf\u00e9-300x200.jpg"},"medium_large":{"file":"El-establecimiento-estren\u00f3-men\u00fa-de-picaderas-y-caf\u00e9-768x513.jpg","width":768,"height":513,"mime_type":"image\/jpeg","source_url":"https:\/\/www.foodieandtraveler.com\/wp-content\/uploads\/2017\/07\/El-establecimiento-estren\u00f3-men\u00fa-de-picaderas-y-caf\u00e9-768x513.jpg"},"large":{"file":"El-establecimiento-estren\u00f3-men\u00fa-de-picaderas-y-caf\u00e9-1024x684.jpg","width":1024,"height":684,"mime_type":"image\/jpeg","source_url":"https:\/\/www.foodieandtraveler.com\/wp-content\/uploads\/2017\/07\/El-establecimiento-estren\u00f3-men\u00fa-de-picaderas-y-caf\u00e9-1024x684.jpg"},"td_80x60":{"file":"El-establecimiento-estren\u00f3-men\u00fa-de-picaderas-y-caf\u00e9-80x60.jpg","width":80,"height":60,"mime_type":"image\/jpeg","source_url":"https:\/\/www.foodieandtraveler.com\/wp-content\/uploads\/2017\/07\/El-establecimiento-estren\u00f3-men\u00fa-de-picaderas-y-caf\u00e9-80x60.jpg"},"td_100x70":{"file":"El-establecimiento-estren\u00f3-men\u00fa-de-picaderas-y-caf\u00e9-100x70.jpg","width":100,"height":70,"mime_type":"image\/jpeg","source_url":"https:\/\/www.foodieandtraveler.com\/wp-content\/uploads\/2017\/07\/El-establecimiento-estren\u00f3-men\u00fa-de-picaderas-y-caf\u00e9-100x70.jpg"},"td_218x150":{"file":"El-establecimiento-estren\u00f3-men\u00fa-de-picaderas-y-caf\u00e9-218x150.jpg","width":218,"height":150,"mime_type":"image\/jpeg","source_url":"https:\/\/www.foodieandtraveler.com\/wp-content\/uploads\/2017\/07\/El-establecimiento-estren\u00f3-men\u00fa-de-picaderas-y-caf\u00e9-218x150.jpg"},"td_265x198":{"file":"El-establecimiento-estren\u00f3-men\u00fa-de-picaderas-y-caf\u00e9-265x198.jpg","width":265,"height":198,"mime_type":"image\/jpeg","source_url":"https:\/\/www.foodieandtraveler.com\/wp-content\/uploads\/2017\/07\/El-establecimiento-estren\u00f3-men\u00fa-de-picaderas-y-caf\u00e9-265x198.jpg"},"td_324x160":{"file":"El-establecimiento-estren\u00f3-men\u00fa-de-picaderas-y-caf\u00e9-324x160.jpg","width":324,"height":160,"mime_type":"image\/jpeg","source_url":"https:\/\/www.foodieandtraveler.com\/wp-content\/uploads\/2017\/07\/El-establecimiento-estren\u00f3-men\u00fa-de-picaderas-y-caf\u00e9-324x160.jpg"},"td_324x235":{"file":"El-establecimiento-estren\u00f3-men\u00fa-de-picaderas-y-caf\u00e9-324x235.jpg","width":324,"height":235,"mime_type":"image\/jpeg","source_url":"https:\/\/www.foodieandtraveler.com\/wp-content\/uploads\/2017\/07\/El-establecimiento-estren\u00f3-men\u00fa-de-picaderas-y-caf\u00e9-324x235.jpg"},"td_324x400":{"file":"El-establecimiento-estren\u00f3-men\u00fa-de-picaderas-y-caf\u00e9-324x400.jpg","width":324,"height":400,"mime_type":"image\/jpeg","source_url":"https:\/\/www.foodieandtraveler.com\/wp-content\/uploads\/2017\/07\/El-establecimiento-estren\u00f3-men\u00fa-de-picaderas-y-caf\u00e9-324x400.jpg"},"td_356x220":{"file":"El-establecimiento-estren\u00f3-men\u00fa-de-picaderas-y-caf\u00e9-356x220.jpg","width":356,"height":220,"mime_type":"image\/jpeg","source_url":"https:\/\/www.foodieandtraveler.com\/wp-content\/uploads\/2017\/07\/El-establecimiento-estren\u00f3-men\u00fa-de-picaderas-y-caf\u00e9-356x220.jpg"},"td_356x364":{"file":"El-establecimiento-estren\u00f3-men\u00fa-de-picaderas-y-caf\u00e9-356x364.jpg","width":356,"height":364,"mime_type":"image\/jpeg","source_url":"https:\/\/www.foodieandtraveler.com\/wp-content\/uploads\/2017\/07\/El-establecimiento-estren\u00f3-men\u00fa-de-picaderas-y-caf\u00e9-356x364.jpg"},"td_533x261":{"file":"El-establecimiento-estren\u00f3-men\u00fa-de-picaderas-y-caf\u00e9-533x261.jpg","width":533,"height":261,"mime_type":"image\/jpeg","source_url":"https:\/\/www.foodieandtraveler.com\/wp-content\/uploads\/2017\/07\/El-establecimiento-estren\u00f3-men\u00fa-de-picaderas-y-caf\u00e9-533x261.jpg"},"td_534x462":{"file":"El-establecimiento-estren\u00f3-men\u00fa-de-picaderas-y-caf\u00e9-534x462.jpg","width":534,"height":462,"mime_type":"image\/jpeg","source_url":"https:\/\/www.foodieandtraveler.com\/wp-content\/uploads\/2017\/07\/El-establecimiento-estren\u00f3-men\u00fa-de-picaderas-y-caf\u00e9-534x462.jpg"},"td_696x0":{"file":"El-establecimiento-estren\u00f3-men\u00fa-de-picaderas-y-caf\u00e9-696x465.jpg","width":696,"height":465,"mime_type":"image\/jpeg","source_url":"https:\/\/www.foodieandtraveler.com\/wp-content\/uploads\/2017\/07\/El-establecimiento-estren\u00f3-men\u00fa-de-picaderas-y-caf\u00e9-696x465.jpg"},"td_696x385":{"file":"El-establecimiento-estren\u00f3-men\u00fa-de-picaderas-y-caf\u00e9-696x385.jpg","width":696,"height":385,"mime_type":"image\/jpeg","source_url":"https:\/\/www.foodieandtraveler.com\/wp-content\/uploads\/2017\/07\/El-establecimiento-estren\u00f3-men\u00fa-de-picaderas-y-caf\u00e9-696x385.jpg"},"td_741x486":{"file":"El-establecimiento-estren\u00f3-men\u00fa-de-picaderas-y-caf\u00e9-741x486.jpg","width":741,"height":486,"mime_type":"image\/jpeg","source_url":"https:\/\/www.foodieandtraveler.com\/wp-content\/uploads\/2017\/07\/El-establecimiento-estren\u00f3-men\u00fa-de-picaderas-y-caf\u00e9-741x486.jpg"},"td_1068x580":{"file":"El-establecimiento-estren\u00f3-men\u00fa-de-picaderas-y-caf\u00e9-1068x580.jpg","width":1068,"height":580,"mime_type":"image\/jpeg","source_url":"https:\/\/www.foodieandtraveler.com\/wp-content\/uploads\/2017\/07\/El-establecimiento-estren\u00f3-men\u00fa-de-picaderas-y-caf\u00e9-1068x580.jpg"},"td_1068x0":{"file":"El-establecimiento-estren\u00f3-men\u00fa-de-picaderas-y-caf\u00e9-1068x713.jpg","width":1068,"height":713,"mime_type":"image\/jpeg","source_url":"https:\/\/www.foodieandtraveler.com\/wp-content\/uploads\/2017\/07\/El-establecimiento-estren\u00f3-men\u00fa-de-picaderas-y-caf\u00e9-1068x713.jpg"},"td_0x420":{"file":"El-establecimiento-estren\u00f3-men\u00fa-de-picaderas-y-caf\u00e9-629x420.jpg","width":629,"height":420,"mime_type":"image\/jpeg","source_url":"https:\/\/www.foodieandtraveler.com\/wp-content\/uploads\/2017\/07\/El-establecimiento-estren\u00f3-men\u00fa-de-picaderas-y-caf\u00e9-629x420.jpg"},"full":{"file":"El-establecimiento-estren\u00f3-men\u00fa-de-picaderas-y-caf\u00e9.jpg","width":2000,"height":1335,"mime_type":"image\/jpeg","source_url":"https:\/\/www.foodieandtraveler.com\/wp-content\/uploads\/2017\/07\/El-establecimiento-estren\u00f3-men\u00fa-de-picaderas-y-caf\u00e9.jpg"}},"image_meta":{"aperture":"0","credit":"","camera":"","caption":"","created_timestamp":"0","copyright":"","focal_length":"0","iso":"0","shutter_speed":"0","title":"","orientation":"1","keywords":[]}},"post":2787,"source_url":"https:\/\/www.foodieandtraveler.com\/wp-content\/uploads\/2017\/07\/El-establecimiento-estren\u00f3-men\u00fa-de-picaderas-y-caf\u00e9.jpg","_links":{"self":[{"href":"https:\/\/www.foodieandtraveler.com\/index.php\/wp-json\/wp\/v2\/media\/2795","targetHints":{"allow":["GET"]}}],"collection":[{"href":"https:\/\/www.foodieandtraveler.com\/index.php\/wp-json\/wp\/v2\/media"}],"about":[{"href":"https:\/\/www.foodieandtraveler.com\/index.php\/wp-json\/wp\/v2\/types\/attachment"}],"author":[{"embeddable":true,"href":"https:\/\/www.foodieandtraveler.com\/index.php\/wp-json\/wp\/v2\/users\/9"}],"wp:attached-to":[{"embeddable":true,"post_type":"post","id":2787,"href":"https:\/\/www.foodieandtraveler.com\/index.php\/wp-json\/wp\/v2\/posts\/2787"}],"curies":[{"name":"wp","href":"https:\/\/api.w.org\/{rel}","templated":true}]}}

http://foodieandtraveler.com/wp-content/uploads/2017/07/El-establecimiento-estrenó-menú-de-picaderas-y-café.jpg

El establecimiento estrenó menú de picaderas y café

<p class="attachment"><a href='https://www.foodieandtraveler.com/wp-content/uploads/2017/07/El-establecimiento-estrenó-menú-de-picaderas-y-café.jpg'><img fetchpriority="high" decoding="async" width="300" height="200" src="https://www.foodieandtraveler.com/wp-content/uploads/2017/07/El-establecimiento-estrenó-menú-de-picaderas-y-café-300x200.jpg" class="attachment-medium size-medium" alt="" srcset="https://www.foodieandtraveler.com/wp-content/uploads/2017/07/El-establecimiento-estrenó-menú-de-picaderas-y-café-300x200.jpg 300w, https://www.foodieandtraveler.com/wp-content/uploads/2017/07/El-establecimiento-estrenó-menú-de-picaderas-y-café-768x513.jpg 768w, https://www.foodieandtraveler.com/wp-content/uploads/2017/07/El-establecimiento-estrenó-menú-de-picaderas-y-café-1024x684.jpg 1024w, https://www.foodieandtraveler.com/wp-content/uploads/2017/07/El-establecimiento-estrenó-menú-de-picaderas-y-café-696x465.jpg 696w, https://www.foodieandtraveler.com/wp-content/uploads/2017/07/El-establecimiento-estrenó-menú-de-picaderas-y-café-1068x713.jpg 1068w, https://www.foodieandtraveler.com/wp-content/uploads/2017/07/El-establecimiento-estrenó-menú-de-picaderas-y-café-629x420.jpg 629w, https://www.foodieandtraveler.com/wp-content/uploads/2017/07/El-establecimiento-estrenó-menú-de-picaderas-y-café.jpg 2000w" sizes="(max-width: 300px) 100vw, 300px" /></a></p>

2017/07/El-establecimiento-estrenó-menú-de-picaderas-y-café.jpg

El-establecimiento-estrenó-menú-de-picaderas-y-café-150x150.jpg

https://www.foodieandtraveler.com/wp-content/uploads/2017/07/El-establecimiento-estrenó-menú-de-picaderas-y-café-150x150.jpg

El-establecimiento-estrenó-menú-de-picaderas-y-café-300x200.jpg

https://www.foodieandtraveler.com/wp-content/uploads/2017/07/El-establecimiento-estrenó-menú-de-picaderas-y-café-300x200.jpg

El-establecimiento-estrenó-menú-de-picaderas-y-café-768x513.jpg

https://www.foodieandtraveler.com/wp-content/uploads/2017/07/El-establecimiento-estrenó-menú-de-picaderas-y-café-768x513.jpg

El-establecimiento-estrenó-menú-de-picaderas-y-café-1024x684.jpg

https://www.foodieandtraveler.com/wp-content/uploads/2017/07/El-establecimiento-estrenó-menú-de-picaderas-y-café-1024x684.jpg

El-establecimiento-estrenó-menú-de-picaderas-y-café-80x60.jpg

https://www.foodieandtraveler.com/wp-content/uploads/2017/07/El-establecimiento-estrenó-menú-de-picaderas-y-café-80x60.jpg

El-establecimiento-estrenó-menú-de-picaderas-y-café-100x70.jpg

https://www.foodieandtraveler.com/wp-content/uploads/2017/07/El-establecimiento-estrenó-menú-de-picaderas-y-café-100x70.jpg

El-establecimiento-estrenó-menú-de-picaderas-y-café-218x150.jpg

https://www.foodieandtraveler.com/wp-content/uploads/2017/07/El-establecimiento-estrenó-menú-de-picaderas-y-café-218x150.jpg

El-establecimiento-estrenó-menú-de-picaderas-y-café-265x198.jpg

https://www.foodieandtraveler.com/wp-content/uploads/2017/07/El-establecimiento-estrenó-menú-de-picaderas-y-café-265x198.jpg

El-establecimiento-estrenó-menú-de-picaderas-y-café-324x160.jpg

https://www.foodieandtraveler.com/wp-content/uploads/2017/07/El-establecimiento-estrenó-menú-de-picaderas-y-café-324x160.jpg

El-establecimiento-estrenó-menú-de-picaderas-y-café-324x235.jpg

https://www.foodieandtraveler.com/wp-content/uploads/2017/07/El-establecimiento-estrenó-menú-de-picaderas-y-café-324x235.jpg

El-establecimiento-estrenó-menú-de-picaderas-y-café-324x400.jpg

https://www.foodieandtraveler.com/wp-content/uploads/2017/07/El-establecimiento-estrenó-menú-de-picaderas-y-café-324x400.jpg

El-establecimiento-estrenó-menú-de-picaderas-y-café-356x220.jpg

https://www.foodieandtraveler.com/wp-content/uploads/2017/07/El-establecimiento-estrenó-menú-de-picaderas-y-café-356x220.jpg

El-establecimiento-estrenó-menú-de-picaderas-y-café-356x364.jpg

https://www.foodieandtraveler.com/wp-content/uploads/2017/07/El-establecimiento-estrenó-menú-de-picaderas-y-café-356x364.jpg

El-establecimiento-estrenó-menú-de-picaderas-y-café-533x261.jpg

https://www.foodieandtraveler.com/wp-content/uploads/2017/07/El-establecimiento-estrenó-menú-de-picaderas-y-café-533x261.jpg

El-establecimiento-estrenó-menú-de-picaderas-y-café-534x462.jpg

https://www.foodieandtraveler.com/wp-content/uploads/2017/07/El-establecimiento-estrenó-menú-de-picaderas-y-café-534x462.jpg

El-establecimiento-estrenó-menú-de-picaderas-y-café-696x465.jpg

https://www.foodieandtraveler.com/wp-content/uploads/2017/07/El-establecimiento-estrenó-menú-de-picaderas-y-café-696x465.jpg

El-establecimiento-estrenó-menú-de-picaderas-y-café-696x385.jpg

https://www.foodieandtraveler.com/wp-content/uploads/2017/07/El-establecimiento-estrenó-menú-de-picaderas-y-café-696x385.jpg

El-establecimiento-estrenó-menú-de-picaderas-y-café-741x486.jpg

https://www.foodieandtraveler.com/wp-content/uploads/2017/07/El-establecimiento-estrenó-menú-de-picaderas-y-café-741x486.jpg

El-establecimiento-estrenó-menú-de-picaderas-y-café-1068x580.jpg

https://www.foodieandtraveler.com/wp-content/uploads/2017/07/El-establecimiento-estrenó-menú-de-picaderas-y-café-1068x580.jpg

El-establecimiento-estrenó-menú-de-picaderas-y-café-1068x713.jpg

https://www.foodieandtraveler.com/wp-content/uploads/2017/07/El-establecimiento-estrenó-menú-de-picaderas-y-café-1068x713.jpg

El-establecimiento-estrenó-menú-de-picaderas-y-café-629x420.jpg

https://www.foodieandtraveler.com/wp-content/uploads/2017/07/El-establecimiento-estrenó-menú-de-picaderas-y-café-629x420.jpg

El-establecimiento-estrenó-menú-de-picaderas-y-café.jpg

https://www.foodieandtraveler.com/wp-content/uploads/2017/07/El-establecimiento-estrenó-menú-de-picaderas-y-café.jpg
